ultiple of 568?
False
Is 1680 a factor of 422909432?
False
Does 119 divide 1352673?
True
Is 1333194461 a multiple of 1809?
False
Does 824 divide 294332401?
False
Does 33 divide 1588063257?
True
Does 20 divide 227041146?
False
Is 71 a factor of 288087186?
True
Does 28 divide 521204488?
True
Is 4872544 a multiple of 32?
True
Is 2 a factor of 22643557?
False
Is 313 a factor of 1171917848?
False
Does 626 divide 235169420?
True
Is 206600569 a multiple of 791?
False
Does 21 divide 896766921?
False
Does 1189 divide 2297148?
True
Is 1338 a factor of 21087111?
False
Does 22 divide 18673314?
True
Does 53 divide 5873513?
True
Does 10 divide 2353900812?
False
Does 136 divide 41615320?
True
Is 11465506 a multiple of 4?
False
Does 16 divide 249881648?
True
Is 243362472 a multiple of 696?
False
Is 393 a factor of 766879407?
False
Is 17325088 a multiple of 332?
True
Is 146 a factor of 1299452268?
True
Is 8721612 a multiple of 16?
False
Is 63 a factor of 379987560?
False
Is 358943544 a multiple of 62?
True
Is 5767 a factor of 459463484?
False
Is 225760300 a multiple of 20?
True
Is 227090726 a multiple of 23?
False
Does 1128 divide 120338424?
True
Is 17103268 a multiple of 13?
True
Does 163 divide 557315287?
False
Does 30 divide 146366667?
False
Is 48 a factor of 259966848?
True
Is 17 a factor of 1619063?
True
Is 387 a factor of 118366304?
False
Is 9044 a factor of 290022992?
True
Is 7 a factor of 710573598?
True
Does 89 divide 4950337?
False
Is 292121712 a multiple of 36?
True
Is 878 a factor of 775294894?
False
Is 30485156 a multiple of 13?
True
Does 3737 divide 108156254?
True
Is 78 a factor of 7534093632?
True
Is 450 a factor of 79175250?
True
Does 4 divide 21883648?
True
Is 692 a factor of 125076973?
False
Is 55640424 a multiple of 170?
False
Does 42 divide 821293?
False
Does 122 divide 1327365636?
False
Does 1506 divide 1924952634?
True
Does 28 divide 322528192?
True
Is 2102460040 a multiple of 136?
True
Does 2828 divide 486232180?
True
Is 46272681 a multiple of 481?
True
Does 10 divide 345513147?
False
Is 501103407 a multiple of 168?
False
Is 21 a factor of 97616925?
True
Is 32 a factor of 2311751872?
True
Is 50248940 a multiple of 17?
True
Is 27 a factor of 62808053?
False
Is 2 a factor of 949477?
False
Is 17 a factor of 20914952?
False
Does 2035 divide 388684261?
False
Is 40 a factor of 554867121?
False
Does 414 divide 354839224?
False
Does 177 divide 84307932?
True
Does 43 divide 122603008?
False
Is 936 a factor of 67059778?
False
Is 185819851 a multiple of 942?
False
Is 3770 a factor of 169269640?
False
Is 1770208336 a multiple of 1405?
False
Is 4000628 a multiple of 211?
False
Does 8 divide 662602175?
False
Is 44 a factor of 29803819?
False
Is 114 a factor of 80316990?
True
Does 7 divide 1767542?
True
Does 913 divide 113451423?
False
Is 103384960 a multiple of 9?
False
Does 81 divide 981903465?
True
Is 527 a factor of 5396480?
True
Is 1487462973 a multiple of 733?
True
Is 105630400 a multiple of 535?
True
Is 473387160 a multiple of 536?
True
Does 1655 divide 412239371?
False
Is 889 a factor of 122257003?
False
Is 251 a factor of 105819141?
False
Is 542 a factor of 292447482?
True
Is 24 a factor of 6757604165?
False
Is 8 a factor of 78785336?
True
Is 1583551295 a multiple of 352?
False
Is 48743982 a multiple of 141?
True
Is 55 a factor of 64333335?
True
Is 193139524 a multiple of 926?
True
Is 99 a factor of 52777836?
False
Does 40 divide 803489680?
True
Does 3559 divide 69932317?
False
Does 449 divide 55619875?
True
Is 159101199 a multiple of 1294?
False
Is 17 a factor of 762325747?
True
Does 818 divide 37867674?
True
Does 21 divide 1368663921?
False
Is 22493808 a multiple of 62?
False
Is 1352513825 a multiple of 59?
False
Is 9352 a factor of 3168504360?
True
Is 6 a factor of 10009682?
False
Is 763 a factor of 700509537?
True
Is 3 a factor of 244504714?
False
Is 1171376 a multiple of 39?
False
Is 20499549 a multiple of 260?
False
Is 1694 a factor of 170895868?
False
Is 184242708 a multiple of 1686?
True
Is 24 a factor of 32538528?
True
Is 44 a factor of 128271748?
True
Is 4368 a factor of 2355732288?
True
Does 124 divide 48029698?
False
Is 27837998 a multiple of 45?
False
Is 132653040 a multiple of 68?
True
Is 476042492 a multiple of 1174?
False
Is 18288930 a multiple of 30?
True
Does 186 divide 6720345218?
False
Is 623 a factor of 290769052?
True
Is 59450768 a multiple of 68?
True
Is 35464363 a multiple of 11?
True
Does 196 divide 1658577652?
False
Is 69 a factor of 2311871703?
True
Is 1243737 a multiple of 153?
True
Does 2046 divide 476580918?
True
Is 124 a factor of 24284160?
True
Is 597554685 a multiple of 1651?
True
Does 1673 divide 181176230?
False
Is 235069130 a multiple of 22?
False
Is 15 a factor of 22541240?
False
Is 247183972 a multiple of 14?
True
Does 1161 divide 32913365?
False
Does 118 divide 45717478?
False
Is 1101 a factor of 916668378?
True
Does 4196 divide 23227026?
False
Does 21 divide 834031569?
True
Is 6 a factor of 2067228?
True
Is 3018582 a multiple of 42?
True
Does 698 divide 427752641?
False
Does 37 divide 723205034?
True
Is 94 a factor of 116116602?
True
Is 102919275 a multiple of 2295?
True
Does 118 divide 142251478?
True
Is 226223751 a multiple of 1807?
True
Is 2728 a factor of 2491803505?
False
Does 5 divide 415642?
False
Is 112914151 a multiple of 392?
False
Is 137767886 a multiple of 2573?
False
Is 2268560 a multiple of 14?
True
Is 478589346 a multiple of 340?
False
Does 17 divide 17890596?
True
Is 11326045 a multiple of 27?
False
Is 70 a factor of 193206020?
True
Is 37 a factor of 42929990?
True
Does 194 divide 305303814?
True
Is 19 a factor of 85241451?
False
Is 6771852 a multiple of 2659?
False
Is 1454563702 a multiple of 134?
True
Is 5975215776 a multiple of 18?
True
Is 104753608 a multiple of 97?
False
Is 11087 a factor of 1398281353?
True
Is 60635934 a multiple of 774?
True
Is 415267252 a multiple of 59?
True
Is 912113149 a multiple of 824?
False
Is 2447 a factor of 168023870?
False
Is 11195054 a multiple of 185?
False
Does 43 divide 834388469?
True
Is 6670822 a multiple of 48?
False
Is 63309569 a multiple of 38?
False
Does 5 divide 469604270?
True
Is 12 a factor of 2367146708?
False
Is 19 a factor of 11932503?
False
Is 82 a factor of 34868122?
True
Is 500561292 a multiple of 41?
True
Is 70 a factor of 204793673?
False
Is 21508785 a multiple of 283?
False
Is 479 a factor of 12305824?
False
Does 72 divide 149343336?
True
Does 3 divide 1858875?
True
Is 130 a factor of 133687858?
False
Is 30 a factor of 1911331?
False
Does 8 divide 40373718?
False
Is 8 a factor of 224296758?
False
Is 189858136 a multiple of 62?
True
Is 730 a factor of 74254282?
False
Is 131 a factor of 72216763?
True
Is 478876185 a multiple of 189?
False
Is 277175325 a multiple of 2775?
True
Is 671 a factor of 484731594?
False
Is 23178637 a multiple of 491?
True
Is 32216750 a multiple of 775?
True
Is 607897521 a multiple of 978?
False
Does 275 divide 370526918?
False
Is 12 a factor of 253579861?
False
Does 46 divide 50066371?
False
Is 2563 a factor of 12122237?
False
Is 5473882284 a multiple of 6124?
True
Is 606 a factor of 35842286?
False
Is 147719094 a multiple of 80?
False
Is 454 a factor of 32261694?
True
Is 3026800 a multiple of 1400?
True
Does 3612 divide 274920263?
False
Is 1943889148 a multiple of 406?
False
Is 55482717 a multiple of 779?
True
Is 1127144161 a multiple of 5863?
True
Does 118 divide 93022350?
True
Is 118114765 a multiple of 43?
True
Does 250 divide 550219500?
True
Is 25 a factor of 393015844?
False
Is 25 a factor of 940199316?
False
Does 19 divide 950472150?
True
Is 16611881 a multiple of 68?
False
Is 279 a factor of 2268689814?
False
Does 583 divide 80955963?
True
Is 186355 a multiple of 128?
False
Does 901 divide 1240784019?
False
Is 50895768 a multiple of 924?
True
Does 202 divide 57538711?
False
Does 62 divide 86157246?
True
Does 167 divide 251203404?
True
Is 64866935 a multiple of 49?
True
Is 280525120 a multiple of 32?
True
Is 63945721 a multiple of 17?
True
Is 85977153 a multiple of 711?
False
Is 271666349 a multiple of 448?
False
Is 278612938 a multiple of 46?
True
Does 752 divide 112805264?
True
Is 6972356846 a multiple of 54?
False
Does 950 divide 389027765?
False
Does 74 divide 37027232?
True
Is 586009 a multip